{"id":4311,"date":"2024-01-03T18:21:24","date_gmt":"2024-01-03T17:21:24","guid":{"rendered":"https:\/\/tva-foundation.org\/?page_id=4311"},"modified":"2024-02-18T10:28:57","modified_gmt":"2024-02-18T09:28:57","slug":"privacy-policy","status":"publish","type":"page","link":"https:\/\/tva-foundation.org\/es\/privacy-policy\/","title":{"rendered":"Pol\u00edtica de privacidad"},"content":{"rendered":"<div data-elementor-type=\"wp-page\" data-elementor-id=\"4311\" class=\"elementor elementor-4311\" data-elementor-post-type=\"page\">\n\t\t\t\t<div class=\"elementor-element elementor-element-84328a9 e-flex e-con-boxed e-con e-parent\" data-id=\"84328a9\" data-element_type=\"container\" data-e-type=\"container\">\n\t\t\t\t\t<div class=\"e-con-inner\">\n\t\t\t\t<div class=\"elementor-element elementor-element-6c342e8 elementor-widget elementor-widget-text-editor\" data-id=\"6c342e8\" data-element_type=\"widget\" data-e-type=\"widget\" data-widget_type=\"text-editor.default\">\n\t\t\t\t<div class=\"elementor-widget-container\">\n\t\t\t\t\t\t\t\t\t<p><strong>Pol\u00edtica de privacidad:<\/strong><\/p><ul><li>Esta pol\u00edtica de privacidad describe c\u00f3mo <strong>Fundaci\u00f3n Internacional TvA<\/strong> recopila, utiliza, mantiene y divulga la informaci\u00f3n recogida de los usuarios de nuestro sitio web <a href=\"http:\/\/www.TvAFoundation.org\" rel=\"nofollow\">http:\/\/www.TvAFoundation.org<\/a> (el \"Sitio\").  Esta pol\u00edtica se aplica al Sitio y a todos los productos y servicios ofrecidos por <strong>Fundaci\u00f3n Internacional TvA<\/strong>.<\/li><\/ul><p>\u00a0<\/p><p><strong>Informaci\u00f3n que recopilamos:<\/strong><\/p><ul><li>Podemos recopilar informaci\u00f3n de identificaci\u00f3n personal de los usuarios de diversas formas, entre otras, cuando los usuarios visitan nuestro sitio, se registran en \u00e9l, realizan un pedido, se suscriben al bolet\u00edn, responden a una encuesta, rellenan un formulario y en relaci\u00f3n con otras actividades, servicios, funciones o recursos que ponemos a su disposici\u00f3n en nuestro sitio.  Es posible que se solicite a los usuarios, seg\u00fan proceda, su nombre, direcci\u00f3n de correo electr\u00f3nico, direcci\u00f3n postal, n\u00famero de tel\u00e9fono e informaci\u00f3n de pago.<\/li><\/ul><p>\u00a0<\/p><p><strong>C\u00f3mo utilizamos la informaci\u00f3n recopilada:<\/strong><\/p><ul><li>Podemos utilizar la informaci\u00f3n que recopilamos para diversos fines, como procesar transacciones, enviar correos electr\u00f3nicos peri\u00f3dicos, mejorar el servicio al cliente, personalizar la experiencia del usuario y administrar contenidos, promociones, encuestas u otras funciones del sitio.<\/li><\/ul><p>\u00a0<\/p><p><strong>C\u00f3mo protegemos su informaci\u00f3n:<\/strong><\/p><ul><li>Adoptamos pr\u00e1cticas adecuadas de recopilaci\u00f3n, almacenamiento y procesamiento de datos, as\u00ed como medidas de seguridad para proteger contra el acceso no autorizado, la alteraci\u00f3n, divulgaci\u00f3n o destrucci\u00f3n de su informaci\u00f3n personal, nombre de usuario, contrase\u00f1a, informaci\u00f3n de transacciones y datos almacenados en nuestro Sitio.<\/li><\/ul><p>\u00a0<\/p><p><strong>Compartir su informaci\u00f3n personal:<\/strong><\/p><ul><li>No vendemos, comercializamos ni alquilamos a terceros la informaci\u00f3n de identificaci\u00f3n personal de los usuarios. Podemos compartir informaci\u00f3n demogr\u00e1fica agregada gen\u00e9rica no vinculada a ninguna informaci\u00f3n de identificaci\u00f3n personal relativa a los visitantes y usuarios con nuestros socios comerciales, afiliados de confianza y anunciantes para los fines descritos anteriormente.<\/li><\/ul><p>\u00a0<\/p><p><strong>Sus derechos:<\/strong><\/p><ul><li>Tiene derecho a acceder a su informaci\u00f3n personal, corregirla, actualizarla o eliminarla. Tambi\u00e9n puede optar por dejar de recibir nuestras comunicaciones promocionales siguiendo las instrucciones para darse de baja que figuran en cada correo electr\u00f3nico.<\/li><\/ul><p>\u00a0<\/p><p><strong>Cambios en esta pol\u00edtica de privacidad:<\/strong><\/p><ul><li><strong>Fundaci\u00f3n Internacional Theodora von Auersperg<\/strong> se reserva el derecho de actualizar esta Pol\u00edtica de Privacidad en cualquier momento.  Cuando lo hagamos, revisaremos la fecha de actualizaci\u00f3n en la parte inferior de esta p\u00e1gina.  Recomendamos a los usuarios que consulten con frecuencia esta p\u00e1gina para comprobar si se han producido cambios y mantenerse informados sobre c\u00f3mo contribuimos a proteger la informaci\u00f3n personal que recopilamos.<\/li><\/ul><p>\u00a0<\/p><p><strong>Informaci\u00f3n de contacto:<\/strong><\/p><ul><li>Si tiene alguna pregunta sobre esta Pol\u00edtica de Privacidad, las pr\u00e1cticas de este sitio o sus relaciones con el mismo, p\u00f3ngase en contacto con nosotros a trav\u00e9s de nuestro <a href=\"https:\/\/tva-foundation.org\/es\/contact\/\">P\u00e1gina de contacto<\/a>.<\/li><\/ul>\t\t\t\t\t\t\t\t<\/div>\n\t\t\t\t<\/div>\n\t\t\t\t\t<\/div>\n\t\t\t\t<\/div>\n\t\t\t\t<\/div>","protected":false},"excerpt":{"rendered":"<p>Privacy Policy: This Privacy Policy outlines how TvA International Foundation collects, uses, maintains, and discloses information collected from users of our website <a href=\"http:\/\/www.TvAFoundation.org\" rel=\"nofollow\">http:\/\/www.TvAFoundation.org<\/a> (the &#8220;Site&#8221;). \u00a0This policy applies to the Site and all products and services offered by TvA International Foundation. \u00a0 Information We Collect: We may collect personal identification information from users in various [&hellip;]<\/p>\n","protected":false},"author":38320787,"featured_media":4312,"parent":0,"menu_order":0,"comment_status":"closed","ping_status":"closed","template":"","meta":{"footnotes":""},"class_list":["post-4311","page","type-page","status-publish","has-post-thumbnail","hentry"],"jetpack_likes_enabled":true,"jetpack_sharing_enabled":true,"jetpack_shortlink":"https:\/\/wp.me\/Pf58jH-17x","jetpack-related-posts":[],"_links":{"self":[{"href":"https:\/\/tva-foundation.org\/es\/wp-json\/wp\/v2\/pages\/4311","targetHints":{"allow":["GET"]}}],"collection":[{"href":"https:\/\/tva-foundation.org\/es\/wp-json\/wp\/v2\/pages"}],"about":[{"href":"https:\/\/tva-foundation.org\/es\/wp-json\/wp\/v2\/types\/page"}],"author":[{"embeddable":true,"href":"https:\/\/tva-foundation.org\/es\/wp-json\/wp\/v2\/users\/38320787"}],"replies":[{"embeddable":true,"href":"https:\/\/tva-foundation.org\/es\/wp-json\/wp\/v2\/comments?post=4311"}],"version-history":[{"count":30,"href":"https:\/\/tva-foundation.org\/es\/wp-json\/wp\/v2\/pages\/4311\/revisions"}],"predecessor-version":[{"id":7994,"href":"https:\/\/tva-foundation.org\/es\/wp-json\/wp\/v2\/pages\/4311\/revisions\/7994"}],"wp:featuredmedia":[{"embeddable":true,"href":"https:\/\/tva-foundation.org\/es\/wp-json\/wp\/v2\/media\/4312"}],"wp:attachment":[{"href":"https:\/\/tva-foundation.org\/es\/wp-json\/wp\/v2\/media?parent=4311"}],"curies":[{"name":"wp","href":"https:\/\/api.w.org\/{rel}","templated":true}]}}

Política de privacidad

<div data-elementor-type="wp-page" data-elementor-id="4311" class="elementor elementor-4311" data-elementor-post-type="page">
				<div class="elementor-element elementor-element-84328a9 e-flex e-con-boxed e-con e-parent" data-id="84328a9" data-element_type="container" data-e-type="container">
					<div class="e-con-inner">
				<div class="elementor-element elementor-element-6c342e8 elementor-widget elementor-widget-text-editor" data-id="6c342e8" data-element_type="widget" data-e-type="widget" data-widget_type="text-editor.default">
				<div class="elementor-widget-container">
									<p><strong>Política de privacidad:</strong></p><ul><li>Esta política de privacidad describe cómo <strong>Fundación Internacional TvA</strong> recopila, utiliza, mantiene y divulga la información recogida de los usuarios de nuestro sitio web <a href="http://www.TvAFoundation.org" rel="nofollow">http://www.TvAFoundation.org</a> (el "Sitio").  Esta política se aplica al Sitio y a todos los productos y servicios ofrecidos por <strong>Fundación Internacional TvA</strong>.</li></ul><p> </p><p><strong>Información que recopilamos:</strong></p><ul><li>Podemos recopilar información de identificación personal de los usuarios de diversas formas, entre otras, cuando los usuarios visitan nuestro sitio, se registran en él, realizan un pedido, se suscriben al boletín, responden a una encuesta, rellenan un formulario y en relación con otras actividades, servicios, funciones o recursos que ponemos a su disposición en nuestro sitio.  Es posible que se solicite a los usuarios, según proceda, su nombre, dirección de correo electrónico, dirección postal, número de teléfono e información de pago.</li></ul><p> </p><p><strong>Cómo utilizamos la información recopilada:</strong></p><ul><li>Podemos utilizar la información que recopilamos para diversos fines, como procesar transacciones, enviar correos electrónicos periódicos, mejorar el servicio al cliente, personalizar la experiencia del usuario y administrar contenidos, promociones, encuestas u otras funciones del sitio.</li></ul><p> </p><p><strong>Cómo protegemos su información:</strong></p><ul><li>Adoptamos prácticas adecuadas de recopilación, almacenamiento y procesamiento de datos, así como medidas de seguridad para proteger contra el acceso no autorizado, la alteración, divulgación o destrucción de su información personal, nombre de usuario, contraseña, información de transacciones y datos almacenados en nuestro Sitio.</li></ul><p> </p><p><strong>Compartir su información personal:</strong></p><ul><li>No vendemos, comercializamos ni alquilamos a terceros la información de identificación personal de los usuarios. Podemos compartir información demográfica agregada genérica no vinculada a ninguna información de identificación personal relativa a los visitantes y usuarios con nuestros socios comerciales, afiliados de confianza y anunciantes para los fines descritos anteriormente.</li></ul><p> </p><p><strong>Sus derechos:</strong></p><ul><li>Tiene derecho a acceder a su información personal, corregirla, actualizarla o eliminarla. También puede optar por dejar de recibir nuestras comunicaciones promocionales siguiendo las instrucciones para darse de baja que figuran en cada correo electrónico.</li></ul><p> </p><p><strong>Cambios en esta política de privacidad:</strong></p><ul><li><strong>Fundación Internacional Theodora von Auersperg</strong> se reserva el derecho de actualizar esta Política de Privacidad en cualquier momento.  Cuando lo hagamos, revisaremos la fecha de actualización en la parte inferior de esta página.  Recomendamos a los usuarios que consulten con frecuencia esta página para comprobar si se han producido cambios y mantenerse informados sobre cómo contribuimos a proteger la información personal que recopilamos.</li></ul><p> </p><p><strong>Información de contacto:</strong></p><ul><li>Si tiene alguna pregunta sobre esta Política de Privacidad, las prácticas de este sitio o sus relaciones con el mismo, póngase en contacto con nosotros a través de nuestro <a href="https://tva-foundation.org/es/contact/">Página de contacto</a>.</li></ul>								</div>
				</div>
					</div>
				</div>
				</div>
