{"id":23162,"date":"2026-03-12T15:05:56","date_gmt":"2026-03-12T14:05:56","guid":{"rendered":"https:\/\/tva-foundation.org\/?page_id=23162"},"modified":"2026-03-13T20:12:30","modified_gmt":"2026-03-13T19:12:30","slug":"visionary-voice","status":"publish","type":"page","link":"https:\/\/tva-foundation.org\/fr\/visionary-voice\/","title":{"rendered":"Une voix visionnaire"},"content":{"rendered":"<div data-elementor-type=\"wp-page\" data-elementor-id=\"23162\" class=\"elementor elementor-23162\" data-elementor-post-type=\"page\">\n\t\t\t\t<div class=\"elementor-element elementor-element-b4525a6 e-flex e-con-boxed e-con e-parent\" data-id=\"b4525a6\" data-element_type=\"container\" data-e-type=\"container\">\n\t\t\t\t\t<div class=\"e-con-inner\">\n\t\t\t\t<div class=\"elementor-element elementor-element-859e2b6 elementor-widget elementor-widget-helpo_image\" data-id=\"859e2b6\" data-element_type=\"widget\" data-e-type=\"widget\" data-widget_type=\"helpo_image.default\">\n\t\t\t\t<div class=\"elementor-widget-container\">\n\t\t\t\t\t\n        <div class=\"helpo_image_widget\">\n            <div class=\"helpo_image_container helpo_bg_image_position_center_center\">\n                <img class=\"helpo_image_widget_main_image\" src=\"https:\/\/tva-foundation.org\/wp-content\/uploads\/2026\/03\/Image-10.jpeg\" alt=\"TvA International Foundation\" \/>\n\n                            <\/div>\n        <\/div>\n        \t\t\t\t<\/div>\n\t\t\t\t<\/div>\n\t\t\t\t\t<\/div>\n\t\t\t\t<\/div>\n\t\t<div class=\"elementor-element elementor-element-3918839 e-flex e-con-boxed e-con e-parent\" data-id=\"3918839\" data-element_type=\"container\" data-e-type=\"container\">\n\t\t\t\t\t<div class=\"e-con-inner\">\n\t\t\t\t<div class=\"elementor-element elementor-element-afd0971 elementor-widget elementor-widget-text-editor\" data-id=\"afd0971\" data-element_type=\"widget\" data-e-type=\"widget\" data-widget_type=\"text-editor.default\">\n\t\t\t\t<div class=\"elementor-widget-container\">\n\t\t\t\t\t\t\t\t\t<h6>\u00a0<\/h6><h6 style=\"text-align: center;\">Princesse Theodora von Auersperg - Une voix visionnaire sur l'humanit\u00e9 et le leadership<\/h6><p style=\"text-align: left;\"><strong>La princesse Theodora von Auersperg est une voix visionnaire sur l'humanit\u00e9 et le leadership, qui se consacre \u00e0 la promotion de la compassion, du dialogue culturel et du leadership responsable dans un monde en mutation. Elle explore les forces profondes qui fa\u00e7onnent nos soci\u00e9t\u00e9s, nos responsabilit\u00e9s et l'avenir que nous construisons collectivement.<\/strong><\/p><p>En tant que fondateur et directeur g\u00e9n\u00e9ral de la <a href=\"chatgpt:\/\/generic-entity?number=0\">Fondation internationale Theodora von Auersperg<\/a>, Elle se consacre \u00e0 la promotion d'une culture mondiale de la compassion, du leadership \u00e9thique et du progr\u00e8s centr\u00e9 sur l'\u00eatre humain. Son travail associe la philanthropie, la culture et la responsabilit\u00e9 sociale, en cr\u00e9ant des plateformes qui encouragent le dialogue, la collaboration et les actions significatives.<\/p><p>Gr\u00e2ce \u00e0 des initiatives telles que <a href=\"chatgpt:\/\/generic-entity?number=1\">Esperanza for Life<\/a>, Elle plaide pour un monde dans lequel l'espoir, l'empathie et la responsabilit\u00e9 restent les piliers du progr\u00e8s humain.<\/p><p>Les discours-programmes de la princesse Theodora associent r\u00e9flexion philosophique et perspectives pratiques, invitant le public \u00e0 reconsid\u00e9rer le r\u00f4le de l'humanit\u00e9, du leadership et de la conscience \u00e0 une \u00e9poque d\u00e9finie par des changements technologiques rapides et une transformation mondiale.<\/p><p>Ses conf\u00e9rences explorent des th\u00e8mes tels que<\/p><ul><li>L'avenir de l'intelligence humaine \u00e0 l'\u00e8re de l'intelligence artificielle<\/li><li>Leadership int\u00e9rieur et souverainet\u00e9 de la pens\u00e9e<\/li><li>Compassion et responsabilit\u00e9 comme forces directrices de la soci\u00e9t\u00e9<\/li><li>Le r\u00f4le de la culture et de la philanthropie dans la construction d'un monde plus humain<\/li><\/ul><p>Avec une voix qui fait le lien entre la r\u00e9flexion intellectuelle et l'objectif humanitaire, la princesse Theodora inspire le public dans les forums internationaux, les sommets de dirigeants, les institutions culturelles et les rassemblements philanthropiques.<\/p><p><strong>Son message<\/strong> est simple mais profond :<\/p><p><strong><span style=\"color: #d5b448;\">\u201cL'avenir de notre monde ne sera pas d\u00e9fini par la technologie, mais par la profondeur de notre humanit\u00e9.\u201d<\/span><\/strong><\/p><p><img fetchpriority=\"high\" data-attachment-id=\"23139\" data-permalink=\"https:\/\/tva-foundation.org\/fr\/familycrest\/\" data-orig-file=\"https:\/\/tva-foundation.org\/wp-content\/uploads\/2026\/03\/familycrest.jpeg\" data-orig-size=\"260,315\" data-comments-opened=\"1\" data-image-meta=\"{&quot;aperture&quot;:&quot;0&quot;,&quot;credit&quot;:&quot;&quot;,&quot;camera&quot;:&quot;&quot;,&quot;caption&quot;:&quot;&quot;,&quot;created_timestamp&quot;:&quot;0&quot;,&quot;copyright&quot;:&quot;&quot;,&quot;focal_length&quot;:&quot;0&quot;,&quot;iso&quot;:&quot;0&quot;,&quot;shutter_speed&quot;:&quot;0&quot;,&quot;title&quot;:&quot;&quot;,&quot;orientation&quot;:&quot;0&quot;}\" data-image-title=\"TvA Crest\" data-image-description=\"\" data-image-caption=\"\" data-large-file=\"https:\/\/tva-foundation.org\/wp-content\/uploads\/2026\/03\/familycrest.jpeg\" class=\"size-medium wp-image-23139 aligncenter\" src=\"https:\/\/tva-foundation.org\/wp-content\/uploads\/2026\/03\/familycrest-248x300.jpeg\" alt=\"TvA International Foundation\" width=\"248\" height=\"300\" srcset=\"https:\/\/tva-foundation.org\/wp-content\/uploads\/2026\/03\/familycrest-248x300.jpeg 248w, https:\/\/tva-foundation.org\/wp-content\/uploads\/2026\/03\/familycrest-10x12.jpeg 10w, https:\/\/tva-foundation.org\/wp-content\/uploads\/2026\/03\/familycrest.jpeg 260w\" sizes=\"(max-width: 248px) 100vw, 248px\" \/><\/p><h5 style=\"text-align: center;\">Discours de la princesse Theodora von Auersperg<\/h5><p style=\"text-align: center;\"><em>Une voix visionnaire sur l'humanit\u00e9 et le leadership<\/em><\/p><p>La princesse Theodora von Auersperg prononce des discours qui explorent le r\u00f4le des valeurs humaines, de la responsabilit\u00e9 et du leadership dans le fa\u00e7onnement de l'avenir de nos soci\u00e9t\u00e9s.<\/p><p>Ses conf\u00e9rences invitent le public \u00e0 r\u00e9fl\u00e9chir aux forces profondes qui d\u00e9finissent le progr\u00e8s - non seulement les avanc\u00e9es technologiques, mais aussi le pouvoir durable de la compassion, de la conscience et des liens humains.<\/p><h6>1. L'espoir, la compassion et l'avenir de l'humanit\u00e9<\/h6><p><strong>Keynote phare<\/strong><\/p><p>Dans un monde de plus en plus marqu\u00e9 par l'acc\u00e9l\u00e9ration technologique et l'incertitude globale, la question la plus importante reste profond\u00e9ment humaine : quel type d'avenir voulons-nous construire ?<\/p><p>Cette conf\u00e9rence explore les raisons pour lesquelles l'espoir et la compassion ne sont pas des id\u00e9aux sentimentaux, mais des forces essentielles qui fa\u00e7onnent des soci\u00e9t\u00e9s r\u00e9silientes et un leadership responsable. \u00c0 travers une r\u00e9flexion philosophique et une perspective du monde r\u00e9el, la princesse Theodora invite le public \u00e0 reconsid\u00e9rer le r\u00f4le de l'empathie, de la responsabilit\u00e9 et de l'humanit\u00e9 partag\u00e9e dans l'avenir de notre monde.<\/p><h6>2. La souverainet\u00e9 de la pens\u00e9e : Le leadership int\u00e9rieur dans un monde bruyant<\/h6><p>Le v\u00e9ritable leadership ne commence pas par l'autorit\u00e9, mais par la capacit\u00e9 \u00e0 penser de mani\u00e8re ind\u00e9pendante.<\/p><p>Cette conf\u00e9rence explore l'importance de l'ind\u00e9pendance intellectuelle, de la clart\u00e9 des valeurs et du leadership int\u00e9rieur \u00e0 une \u00e9poque o\u00f9 les opinions abondent mais o\u00f9 la r\u00e9flexion est rare. Elle met le public au d\u00e9fi de se r\u00e9approprier la souverainet\u00e9 de sa propre pens\u00e9e.<\/p><h6>3. Quand l'intelligence a besoin de c\u0153ur<\/h6><p>Les valeurs humaines \u00e0 l'\u00e8re de l'intelligence artificielle<\/p><p>Alors que l'intelligence artificielle remod\u00e8le notre monde, une question essentielle se pose : qu'est-ce qui distingue l'intelligence humaine ?<\/p><p>Cette conf\u00e9rence explore les capacit\u00e9s humaines uniques que sont l'empathie, l'\u00e9thique, l'imagination et la responsabilit\u00e9, et les raisons pour lesquelles elles deviendront de plus en plus importantes dans l'\u00e8re technologique qui s'annonce.<\/p><h6>4. La gentillesse en h\u00e9ritage<\/h6><p>Le pouvoir tranquille qui fa\u00e7onne le monde<\/p><p>L'histoire c\u00e9l\u00e8bre souvent le pouvoir et la strat\u00e9gie, mais les transformations les plus durables sont souvent ancr\u00e9es dans la gentillesse.<\/p><p>Ce discours refl\u00e8te l'influence sous-estim\u00e9e de la compassion, de la g\u00e9n\u00e9rosit\u00e9 et du courage moral en tant que forces qui fa\u00e7onnent les individus, les communaut\u00e9s et les soci\u00e9t\u00e9s.<\/p><h6>5. Le voyage humain<\/h6><p>Une humanit\u00e9 partag\u00e9e dans un monde divis\u00e9<\/p><p>Malgr\u00e9 nos diff\u00e9rences, nous partageons le m\u00eame voyage fondamental de la vie.<\/p><p>S'appuyant sur une r\u00e9flexion philosophique et une perspective mondiale, cette conf\u00e9rence invite le public \u00e0 red\u00e9couvrir le fil humain commun qui relie les cultures, les nations et les g\u00e9n\u00e9rations.<\/p>\t\t\t\t\t\t\t\t<\/div>\n\t\t\t\t<\/div>\n\t\t\t\t\t<\/div>\n\t\t\t\t<\/div>\n\t\t<div class=\"elementor-element elementor-element-753fe444 e-flex e-con-boxed e-con e-parent\" data-id=\"753fe444\" data-element_type=\"container\" data-e-type=\"container\">\n\t\t\t\t\t<div class=\"e-con-inner\">\n\t\t\t\t<div class=\"elementor-element elementor-element-73246cd3 elementor-widget elementor-widget-text-editor\" data-id=\"73246cd3\" data-element_type=\"widget\" data-e-type=\"widget\" data-widget_type=\"text-editor.default\">\n\t\t\t\t<div class=\"elementor-widget-container\">\n\t\t\t\t\t\t\t\t\t<h5 style=\"text-align: center;\"><img class=\"aligncenter\" src=\"https:\/\/tva-foundation.org\/wp-content\/uploads\/2025\/12\/Logo_EFL_horizontal_GOLD_1000-300x113.png\" alt=\"TvA international Foundation\" width=\"300\" height=\"113\" \/><\/h5><h5 style=\"text-align: center;\"><img class=\"aligncenter\" src=\"https:\/\/tva-foundation.org\/wp-content\/uploads\/2025\/08\/Image-18.08.25-at-10.16-300x136.jpeg\" alt=\"TvA International Foundation\" width=\"300\" height=\"136\" \/><\/h5><h6 class=\"elementor-heading-title elementor-size-default\" style=\"text-align: center;\"><a href=\"https:\/\/donorbox.org\/esperanza-for-life-membership\" target=\"_blank\" rel=\"noopener\"><span style=\"color: #d5b448;\">Rejoignez la communaut\u00e9 internationale \"Esperanza for Life\"! - Devenez membre. Ayez un impact. C\u00e9l\u00e9brez la vie.<\/span><\/a><\/h6>\t\t\t\t\t\t\t\t<\/div>\n\t\t\t\t<\/div>\n\t\t\t\t\t<\/div>\n\t\t\t\t<\/div>\n\t\t\t\t<\/div>","protected":false},"excerpt":{"rendered":"<p>\u00a0 Princess Theodora von Auersperg &#8211; Visionary Voice on Humanity &amp; Leadership Princess Theodora von Auersperg is a visionary voice on humanity and leadership, dedicated to advancing compassion, cultural dialogue, and responsible leadership in a changing world. She is exploring the deeper forces that shape our societies, our responsibilities, and the future we are collectively [&hellip;]<\/p>\n","protected":false},"author":38320787,"featured_media":23163,"parent":0,"menu_order":0,"comment_status":"closed","ping_status":"closed","template":"","meta":{"footnotes":""},"class_list":["post-23162","page","type-page","status-publish","has-post-thumbnail","hentry"],"jetpack_likes_enabled":true,"jetpack_sharing_enabled":true,"jetpack_shortlink":"https:\/\/wp.me\/Pf58jH-61A","jetpack-related-posts":[],"_links":{"self":[{"href":"https:\/\/tva-foundation.org\/fr\/wp-json\/wp\/v2\/pages\/23162","targetHints":{"allow":["GET"]}}],"collection":[{"href":"https:\/\/tva-foundation.org\/fr\/wp-json\/wp\/v2\/pages"}],"about":[{"href":"https:\/\/tva-foundation.org\/fr\/wp-json\/wp\/v2\/types\/page"}],"author":[{"embeddable":true,"href":"https:\/\/tva-foundation.org\/fr\/wp-json\/wp\/v2\/users\/38320787"}],"replies":[{"embeddable":true,"href":"https:\/\/tva-foundation.org\/fr\/wp-json\/wp\/v2\/comments?post=23162"}],"version-history":[{"count":56,"href":"https:\/\/tva-foundation.org\/fr\/wp-json\/wp\/v2\/pages\/23162\/revisions"}],"predecessor-version":[{"id":23241,"href":"https:\/\/tva-foundation.org\/fr\/wp-json\/wp\/v2\/pages\/23162\/revisions\/23241"}],"wp:featuredmedia":[{"embeddable":true,"href":"https:\/\/tva-foundation.org\/fr\/wp-json\/wp\/v2\/media\/23163"}],"wp:attachment":[{"href":"https:\/\/tva-foundation.org\/fr\/wp-json\/wp\/v2\/media?parent=23162"}],"curies":[{"name":"wp","href":"https:\/\/api.w.org\/{rel}","templated":true}]}}

<div data-elementor-type="wp-page" data-elementor-id="23162" class="elementor elementor-23162" data-elementor-post-type="page">
				<div class="elementor-element elementor-element-b4525a6 e-flex e-con-boxed e-con e-parent" data-id="b4525a6" data-element_type="container" data-e-type="container">
					<div class="e-con-inner">
				<div class="elementor-element elementor-element-859e2b6 elementor-widget elementor-widget-helpo_image" data-id="859e2b6" data-element_type="widget" data-e-type="widget" data-widget_type="helpo_image.default">
				<div class="elementor-widget-container">
					
        <div class="helpo_image_widget">
            <div class="helpo_image_container helpo_bg_image_position_center_center">
                <img class="helpo_image_widget_main_image" src="https://tva-foundation.org/wp-content/uploads/2026/03/Image-10.jpeg" alt="TvA International Foundation" />

                            </div>
        </div>
        				</div>
				</div>
					</div>
				</div>
		<div class="elementor-element elementor-element-3918839 e-flex e-con-boxed e-con e-parent" data-id="3918839" data-element_type="container" data-e-type="container">
					<div class="e-con-inner">
				<div class="elementor-element elementor-element-afd0971 elementor-widget elementor-widget-text-editor" data-id="afd0971" data-element_type="widget" data-e-type="widget" data-widget_type="text-editor.default">
				<div class="elementor-widget-container">
									<h6> </h6><h6 style="text-align: center;">Princesse Theodora von Auersperg - Une voix visionnaire sur l'humanité et le leadership</h6><p style="text-align: left;"><strong>La princesse Theodora von Auersperg est une voix visionnaire sur l'humanité et le leadership, qui se consacre à la promotion de la compassion, du dialogue culturel et du leadership responsable dans un monde en mutation. Elle explore les forces profondes qui façonnent nos sociétés, nos responsabilités et l'avenir que nous construisons collectivement.</strong></p><p>En tant que fondateur et directeur général de la <a href="chatgpt://generic-entity?number=0">Fondation internationale Theodora von Auersperg</a>, Elle se consacre à la promotion d'une culture mondiale de la compassion, du leadership éthique et du progrès centré sur l'être humain. Son travail associe la philanthropie, la culture et la responsabilité sociale, en créant des plateformes qui encouragent le dialogue, la collaboration et les actions significatives.</p><p>Grâce à des initiatives telles que <a href="chatgpt://generic-entity?number=1">Esperanza for Life</a>, Elle plaide pour un monde dans lequel l'espoir, l'empathie et la responsabilité restent les piliers du progrès humain.</p><p>Les discours-programmes de la princesse Theodora associent réflexion philosophique et perspectives pratiques, invitant le public à reconsidérer le rôle de l'humanité, du leadership et de la conscience à une époque définie par des changements technologiques rapides et une transformation mondiale.</p><p>Ses conférences explorent des thèmes tels que</p><ul><li>L'avenir de l'intelligence humaine à l'ère de l'intelligence artificielle</li><li>Leadership intérieur et souveraineté de la pensée</li><li>Compassion et responsabilité comme forces directrices de la société</li><li>Le rôle de la culture et de la philanthropie dans la construction d'un monde plus humain</li></ul><p>Avec une voix qui fait le lien entre la réflexion intellectuelle et l'objectif humanitaire, la princesse Theodora inspire le public dans les forums internationaux, les sommets de dirigeants, les institutions culturelles et les rassemblements philanthropiques.</p><p><strong>Son message</strong> est simple mais profond :</p><p><strong><span style="color: #d5b448;">“L'avenir de notre monde ne sera pas défini par la technologie, mais par la profondeur de notre humanité.”</span></strong></p><p><img fetchpriority="high" data-attachment-id="23139" data-permalink="https://tva-foundation.org/fr/familycrest/" data-orig-file="https://tva-foundation.org/wp-content/uploads/2026/03/familycrest.jpeg" data-orig-size="260,315" data-comments-opened="1" data-image-meta="{&quot;aperture&quot;:&quot;0&quot;,&quot;credit&quot;:&quot;&quot;,&quot;camera&quot;:&quot;&quot;,&quot;caption&quot;:&quot;&quot;,&quot;created_timestamp&quot;:&quot;0&quot;,&quot;copyright&quot;:&quot;&quot;,&quot;focal_length&quot;:&quot;0&quot;,&quot;iso&quot;:&quot;0&quot;,&quot;shutter_speed&quot;:&quot;0&quot;,&quot;title&quot;:&quot;&quot;,&quot;orientation&quot;:&quot;0&quot;}" data-image-title="TvA Crest" data-image-description="" data-image-caption="" data-large-file="https://tva-foundation.org/wp-content/uploads/2026/03/familycrest.jpeg" class="size-medium wp-image-23139 aligncenter" src="https://tva-foundation.org/wp-content/uploads/2026/03/familycrest-248x300.jpeg" alt="TvA International Foundation" width="248" height="300" srcset="https://tva-foundation.org/wp-content/uploads/2026/03/familycrest-248x300.jpeg 248w, https://tva-foundation.org/wp-content/uploads/2026/03/familycrest-10x12.jpeg 10w, https://tva-foundation.org/wp-content/uploads/2026/03/familycrest.jpeg 260w" sizes="(max-width: 248px) 100vw, 248px" /></p><h5 style="text-align: center;">Discours de la princesse Theodora von Auersperg</h5><p style="text-align: center;"><em>Une voix visionnaire sur l'humanité et le leadership</em></p><p>La princesse Theodora von Auersperg prononce des discours qui explorent le rôle des valeurs humaines, de la responsabilité et du leadership dans le façonnement de l'avenir de nos sociétés.</p><p>Ses conférences invitent le public à réfléchir aux forces profondes qui définissent le progrès - non seulement les avancées technologiques, mais aussi le pouvoir durable de la compassion, de la conscience et des liens humains.</p><h6>1. L'espoir, la compassion et l'avenir de l'humanité</h6><p><strong>Keynote phare</strong></p><p>Dans un monde de plus en plus marqué par l'accélération technologique et l'incertitude globale, la question la plus importante reste profondément humaine : quel type d'avenir voulons-nous construire ?</p><p>Cette conférence explore les raisons pour lesquelles l'espoir et la compassion ne sont pas des idéaux sentimentaux, mais des forces essentielles qui façonnent des sociétés résilientes et un leadership responsable. À travers une réflexion philosophique et une perspective du monde réel, la princesse Theodora invite le public à reconsidérer le rôle de l'empathie, de la responsabilité et de l'humanité partagée dans l'avenir de notre monde.</p><h6>2. La souveraineté de la pensée : Le leadership intérieur dans un monde bruyant</h6><p>Le véritable leadership ne commence pas par l'autorité, mais par la capacité à penser de manière indépendante.</p><p>Cette conférence explore l'importance de l'indépendance intellectuelle, de la clarté des valeurs et du leadership intérieur à une époque où les opinions abondent mais où la réflexion est rare. Elle met le public au défi de se réapproprier la souveraineté de sa propre pensée.</p><h6>3. Quand l'intelligence a besoin de cœur</h6><p>Les valeurs humaines à l'ère de l'intelligence artificielle</p><p>Alors que l'intelligence artificielle remodèle notre monde, une question essentielle se pose : qu'est-ce qui distingue l'intelligence humaine ?</p><p>Cette conférence explore les capacités humaines uniques que sont l'empathie, l'éthique, l'imagination et la responsabilité, et les raisons pour lesquelles elles deviendront de plus en plus importantes dans l'ère technologique qui s'annonce.</p><h6>4. La gentillesse en héritage</h6><p>Le pouvoir tranquille qui façonne le monde</p><p>L'histoire célèbre souvent le pouvoir et la stratégie, mais les transformations les plus durables sont souvent ancrées dans la gentillesse.</p><p>Ce discours reflète l'influence sous-estimée de la compassion, de la générosité et du courage moral en tant que forces qui façonnent les individus, les communautés et les sociétés.</p><h6>5. Le voyage humain</h6><p>Une humanité partagée dans un monde divisé</p><p>Malgré nos différences, nous partageons le même voyage fondamental de la vie.</p><p>S'appuyant sur une réflexion philosophique et une perspective mondiale, cette conférence invite le public à redécouvrir le fil humain commun qui relie les cultures, les nations et les générations.</p>								</div>
				</div>
					</div>
				</div>
		<div class="elementor-element elementor-element-753fe444 e-flex e-con-boxed e-con e-parent" data-id="753fe444" data-element_type="container" data-e-type="container">
					<div class="e-con-inner">
				<div class="elementor-element elementor-element-73246cd3 elementor-widget elementor-widget-text-editor" data-id="73246cd3" data-element_type="widget" data-e-type="widget" data-widget_type="text-editor.default">
				<div class="elementor-widget-container">
									<h5 style="text-align: center;"><img class="aligncenter" src="https://tva-foundation.org/wp-content/uploads/2025/12/Logo_EFL_horizontal_GOLD_1000-300x113.png" alt="TvA international Foundation" width="300" height="113" /></h5><h5 style="text-align: center;"><img class="aligncenter" src="https://tva-foundation.org/wp-content/uploads/2025/08/Image-18.08.25-at-10.16-300x136.jpeg" alt="TvA International Foundation" width="300" height="136" /></h5><h6 class="elementor-heading-title elementor-size-default" style="text-align: center;"><a href="https://donorbox.org/esperanza-for-life-membership" target="_blank" rel="noopener"><span style="color: #d5b448;">Rejoignez la communauté internationale "Esperanza for Life"! - Devenez membre. Ayez un impact. Célébrez la vie.</span></a></h6>								</div>
				</div>
					</div>
				</div>
				</div>
